 d = -50 - p. What is the hundreds digit of d?
1
Let j(s) be the second derivative of s**3/3 + 18*s**2 - 35*s. Suppose -5*x = -35 + 105. What is the units digit of j(x)?
8
Suppose 5*u - 4*w + 12 = 0, -4*u + 5*w = 22 - 7. Suppose u = 9*y - 12*y. Suppose 4*v = -3*z + 222, -z + 3*v - 2*v + 74 = y. What is the units digit of z?
4
Suppose 54*u = -s + 57*u + 8294, 0 = -s - 5*u + 8278. What is the tens digit of s?
8
Let v(w) = -w**3 + 4*w**2 + 2*w - 6. Let y be v(4). Suppose 5*z - 4*z = 2*d + 290, 3*z - y*d = 854. Suppose -z = -3*b - 111. What is the units digit of b?
7
Let o(s) = 112*s + 732 - 357 + 7*s**2 - 352. What is the tens digit of o(-22)?
4
Let k be (-9 + 81)*((-120)/9)/(-4). Let o = k - -381. What is the units digit of o?
1
Let a = 1024 + -448. Let d = -352 + a. Suppose -2*z - 12 + d = 0. What is the tens digit of z?
0
Suppose 64*u = -85*u + 25479. What is the units digit of u?
1
Let y = 22190 + -12582. What is the tens digit of y?
0
Suppose 70302 = 4*k - 5*v, 37931 = 2*k + 3*v + 2791. What is the hundreds digit of k?
5
Let d be (-21)/9 + (-4)/(-3). What is the tens digit of (d/2*51)/(6/(-4))?
1
Suppose 2*l - 4*s = 116, -2*l = 3*l - 4*s - 296. Suppose -q = 3*q - l. Suppose h = -11 + q. What is the units digit of h?
4
What is the units digit of 4 + 2 - (150/10 + -21303)?
4
Let v be (0 + 5)/(2 - (-1090)/(-546)). Suppose 2*x - v = 7*x. Let r = -185 - x. What is the tens digit of r?
8
Let r(u) = -u**3 - 9*u**2 + u + 13. Let w be r(-9). What is the hundreds digit of 576 - (7 - (w + 6))?
5
Let y(t) = t**3 + 15*t**2 + 12*t - 14. Let x be y(-14). Let v be ((-16)/28)/((-4)/x). Let l = v + 69. What is the tens digit of l?
7
Let t = -695 + 705. Suppose t*v = 5785 - 1835. What is the hundreds digit of v?
3
Let k = -7171 + 14575. What is the thousands digit of k?
7
Let y(a) = -2*a**2 - 5*a + 9. Let b be y(2). Let i(h) = -4*h - 36. Let v be i(b). What is the units digit of -12 - -117 - (4 + 0 + v)?
1
Let b = -243 - -243. Suppose 9*t - 1185 + 69 = b. What is the units digit of t?
4
Suppose 4*q + 5*r - 3110 = 0, 2*r = -5*q + 2612 + 1284. What is the hundreds digit of q?
7
Suppose -15*k = -158*k - 91*k + 886158. What is the thousands digit of k?
3
Let y = -21424 + 45751. What is the thousands digit of y?
4
Suppose o + 70 = 6*o. Let t(b) = 2*b + b - 10 + o + 17. What is the units digit of t(-5)?
6
Let q = 12176 - 3919. What is the tens digit of q?
5
Let a be (5/(-3))/(7/(-84)*4). Suppose -a + 32 = 3*p. What is the units digit of p?
9
Suppose 0 = -2*s + 2*v + 2*v + 24, 4*s = -3*v + 26. Suppose 0 = 9*n - s*n - 46. What is the tens digit of n?
4
Let y = 1187 - 125. Suppose 5*l = -h + 1948, 0 = 3*l + 3*h - 114 - y. What is the hundreds digit of l?
3
Suppose -r - 4 = -2*w, -3*r = 3*w + 10 - 34. Suppose 8 = w*v - 0. Suppose 3*g = -v*g + 605. What is the hundreds digit of g?
1
Suppose 0 = -78*m + 225478 - 71194. What is the tens digit of m?
7
Suppose 40*i = 9*i - 17112. What is the units digit of i/(-68) + (-2)/17?
8
Let m be -1*(-571 - (0 - 2)). Let k = m + 246. What is the hundreds digit of k?
8
Let o = 19 - 20. Let g be 46/(-6 - 4/o). What is the tens digit of (g/(-3))/(4/24)?
4
Let b(l) = -2*l**3 + 62*l**2 + 2*l - 60. Let x be b(31). Suppose 5*h = 2*a + 3742, h + 4*a - x = 742. What is the units digit of h?
8
Suppose -5*m = -k, 3*k = -m - m + 17. Suppose 4*w - 5*w = 4*a + 77, 5*a = k*w + 310. What is the units digit of 3 + (-2 - w*2)?
1
Suppose 0 = 4*q + 12, -4*a + 7*q + 6217 = 4*q. Suppose -7*n + 1920 = -a. What is the tens digit of n?
9
Let a = 15685 + 3065. What is the ten thousands digit of a?
1
Let b = -4928 + 9409. What is the hundreds digit of b?
4
Let l(q) = 142*q + 138. Suppose 12*c + 12 = 15*c. What is the tens digit of l(c)?
0
Suppose -25*c = -24*c - 3. Suppose -744 = 3*v + 5*u, 3*u + 738 = c*v - 6*v. What is the hundreds digit of v/(-4)*(-8)/(-3)?
1
Suppose -5*t + p - 50 = -8*t, -4*p - 52 = -2*t. Let l be (-2)/(-6) - (-4)/t*192. Suppose 0 = -g + 80 + l. What is the tens digit of g?
2
Let x(t) = 4*t**2 - 4*t - 78. Let g be (11/3)/((21/9)/7). What is the units digit of x(g)?
2
What is the units digit of (2283 - 2)/(((-2)/5)/(-2) + 0)?
5
Suppose 2357 = 2*a - 3*p, -273*a - 5*p - 2355 = -275*a. What is the thousands digit of a?
1
Suppose 0 = 2*f - 0*y - 5*y - 67, 5*f + 2*y - 124 = 0. Let d be f/91 + (-436)/7. Let w = 82 + d. What is the tens digit of w?
2
Let m = 629 + -197. Suppose -2*d + k = -114 - 786, 0 = d - 5*k - m. What is the units digit of d?
2
Let j(s) = -61*s - 41. Let t be j(-4). Suppose 6*g - t = 2995. What is the units digit of g?
3
Suppose 22*j - 92158 - 88074 = 129726. What is the ten thousands digit of j?
1
Suppose 0 = 4*f - 2*h - 20, -2*f - 14*h = -16*h - 14. What is the tens digit of (30/(-75))/(f/(-2205))?
9
Let s(z) = 4386*z**2 - 52*z - 53. What is the units digit of s(-1)?
5
Let h(l) = 5*l + 2. Let p be -2 - 6*1/(-2). Let u be h(p). Suppose 3*g = u*g - 188. What is the tens digit of g?
4
Suppose -3*w = -z - 4, 0*w + 3*z - 2 = 2*w. Suppose -2*q + 2616 = 2*d, 2783 - 142 = w*d - 3*q. What is the units digit of d?
3
Let k(d) = -d**3 - 2*d**2 + 6*d + 6. Let a be k(-3). Let z be (-15)/a*1 - 0. What is the tens digit of 1/((-10)/(-152))*z?
7
Let i(g) = 2*g + 34. Let u be i(-15). Suppose 0 = a - u*a. Suppose a = -4*r - 20, 3*q + q - r - 229 = 0. What is the tens digit of q?
5
Suppose -3041 = -3*h + 3961. Let d = 3381 - h. What is the hundreds digit of d?
0
Let m be (-23)/((-483)/6) - 2/7. Suppose -411*r + 407*r + 1056 = m. What is the units digit of r?
4
Suppose 0*r = r + 2*x - 9, 0 = 5*r + 2*x - 77. Suppose r*u + 48 = 21*u. What is the tens digit of 332/6 - (-3)/((-27)/u)?
5
Suppose 0 = -j + 5*n + 28, 4*j - 2*n = 40. Suppose -6*o = -28 - j. Suppose -2*q = -o, -x - 5*q + 147 = -0*x. What is the hundreds digit of x?
1
Suppose -1 = -q - i, -6*q = -2*q - 5*i - 49. What is the thousands digit of (-2 + 1659)*(-4 - q)/(-10)?
1
Let j(t) = 102*t + 5. Let n(i) = -51*i - 3. Let l(w) = -3*j(w) - 5*n(w). Let r be l(-5). Let v = r - 63. What is the tens digit of v?
9
Suppose 39799 = -10*z - 2141. What is the units digit of 2 + 1 - z/((-6)/(-1))?
2
Let z be 6/(-10) - 56*4/(-40). Suppose -2*f - 2*y = -5*y - 79, -z*y = 3*f - 147. What is the units digit of f?
4
Suppose -3*p = -4*y + 224613, -19*p + 11038 = y - 45293. What is the tens digit of y?
6
Let u(x) = -x**3 - 3*x**2 - 2*x + 153. Let q be u(0). Suppose 2*j - 5*b = q, 0 = -2*j + 4*j + 5*b - 183. What is the units digit of j?
4
Suppose -3*z + 415 = 25. Let r(u) = u**3 - 32*u**2 - 2*u - 10. Let c be r(0). Let f = z + c. What is the units digit of f?
0
Let l(p) be the second derivative of 34*p**3/3 - 32*p. What is the tens digit of l(2)?
3
Suppose -5*x + 72 = -j, 4*j + 0*x + 196 = -3*x. Let v be (26/(-4))/(8 - (-418)/j). Suppose -174*g + 990 = -v*g. What is the tens digit of g?
9
Let f be ((-66)/(-30) + -5)*10/(-4). What is the hundreds digit of -7 + 63723/77 - (-3)/f?
8
Suppose 3*y - 1551 = -2*w + 2293, -3*w = -4*y - 5766. Suppose -368 + w = 3*b. What is the units digit of b?
8
Let f = -24 - -29. Suppose 0 = -2*c - f*x - 587 + 1876, -2*x - 6 = 0. What is the tens digit of c?
5
Suppose 0*l + 48 = -l - u, 0 = -3*u + 6. Let n = 94 + l. Let t = 153 - n. What is the units digit of t?
9
Let a(h) = -4*h**2 + 6*h - h - h**3 - 18 - h. Let v = -2427 - -2419. What is the tens digit of a(v)?
0
Let j(n) = 27*n**2 + 20*n + 47. Let d be j(-4). Let q = d + -159. What is the tens digit of q?
4
Suppose -x - 4*y + 17106 = 0, 51233 = 3*x - 8*y + 3*y. What is the units digit of x?
6
Let o = 114 + -104. What is the hundreds digit of 737 - (o - 3 - 10)?
7
Suppose 1987*n - 2005*n + 13500 = 0. What is the hundreds digit of n?
7
Let q(v) = 6641*v**2 + v + 140. What is the hundreds digit of q(3)?
9
Let s(z) = -5 + 5*z - 6 + 224*z**2 - 3 + 9. What is the hundreds digit of s(1)?
2
Let s = 29 + -2. Let b be (-4)/18 + 1*5595/s. Let q = b + 10. What is the tens digit of q?
1
Let m be (-2)/4 - (7 - (-45)/(-6)). Suppose 5*v - 846 = -4*k, k + 2*v - 238 + 25 = m. What is the tens digit of k?
0
Let f(h) = 2*h - 19. Let p be f(8). Let v be 1 + (39 - (1 + -3)) - p. Suppose 0 = -3*l + 330 - v. What is the tens digit of l?
9
Suppose 20 = -5*t, 0 = -5*p - 3*t + 7 - 39. What is the hundreds digit of (-2 - -12)*2/p + 292?
2
Let t(n) be the s